?
13
Let v(s) = -799*s - 7967. What is the remainder when 749 is divided by v(-10)?
13
Let v(n) = 3*n**2 - 52*n - 342. What is the remainder when 356 is divided by v(24)?
80
Let w be (-100 + 2)/((-6)/9*-3). Let r = w - -54. Suppose -582 = -a - r*a. What is the remainder when a is divided by 11?
9
Suppose 0 = 5*n - 5*k + 35, -8*n + 13 = -12*n + k. Let o(s) = -s**2 - 5*s - 1. What is the remainder when (-22)/(-3)*18/4 is divided by o(n)?
3
Suppose 4*i - 63 = -2*u - 13, -127 = -4*u + i. What is the remainder when 359 is divided by u?
18
Let y = -464 - -2780. What is the remainder when y is divided by 61?
59
Let v(x) = -17*x - 15. Let w be v(4). Let h = -70 - w. Calculate the remainder when h is divided by 180/22 + (-2)/11.
5
Let m = 40 - 37. Suppose -m*u = -26 - 40. Calculate the remainder when u is divided by 5.
2
Let m = -39 - -42. Suppose -f - 32 = -m*o, 41 = 4*o - 4*f - 15. What is the remainder when o is divided by 21/6*(-24)/(-42)?
1
Let z(t) = 13*t - 27. Let i be z(1). What is the remainder when i/(-56) - 115/(-4) is divided by 8?
5
Let n be -47*(5 - 10) + 1*2. What is the remainder when n/4*(-21)/((-189)/24) is divided by 81?
77
Let y = -1189 - -1222. What is the remainder when 1251 is divided by y?
30
Let s = -2433 + 4214. Calculate the remainder when s is divided by 54.
53
Suppose -2*v - 3 = -11. Suppose v*p - 318 = 2*p. Calculate the remainder when p is divided by 16.
15
Let x(g) = -2*g**3 + 5*g**2 - 3*g + 23. Let q be x(3). Suppose -2*c + 0*c - 2*t = -2592, -3*t = q*c - 6484. Calculate the remainder when c is divided by 20.
18
Suppose 2*j = -2*c + 528, 2*j + 2*c = -3*j + 1311. Calculate the remainder when j is divided by 71.
48
Suppose -7*s - 6 + 27 = 0. Suppose s*i = 17 + 16. What is the remainder when 208 is divided by i?
10
Let d = -16 - -18. Suppose -3*v + y + 585 = 152, 294 = d*v - 2*y. What is the remainder when v is divided by 36?
35
Let g(q) = -q**2 + 5*q. Let d be g(4). Suppose -5 - 7 = -d*o. Let u(n) = 1034*n - 5167. What is the remainder when u(5) is divided by o?
0
Let t(f) = -12*f**2 + 979*f + 131. What is the remainder when t(81) is divided by 237?
224
Suppose -35 = -5*n, -4*w + 464*n - 468*n = -72. What is the remainder when 1295 is divided by w?
8
Suppose -13*n + 227 = -137. Let d = 31 - n. Suppose 2*x + 3*v - 40 = -d, -4*v = 12. Calculate the remainder when 88 is divided by x.
19
Let p(c) = -c**3 + 10*c**2 - 15*c - 8. Let u be p(8). Suppose u = -2*z - 63 + 125. What is the remainder when 106 is divided by z?
13
Suppose -3*p = -2*o + 1041, -3*o - 660 = -2*p - 2229. Calculate the remainder when o is divided by 53.
48
Suppose 0 = -4*l + 105 - 25. Calculate the remainder when 201 is divided by (-4 - 13/(-4)) + 355/l.
14
Let r(i) = -6*i**2 - i. Let w be r(-2). Let m(b) = b**2 - 5*b - 14. What is the remainder when m(12) is divided by -4 + 1 - (w - 0)?
13
Let p = -1510 + 2309. What is the remainder when p is divided by 73?
69
Let y be 1*-1 - (-5 - -2). Suppose y*w = -2*w + 72. Calculate the remainder when 1/((-150)/(-145) - 1) - (0 + 0) is divided by w.
11
Let r(n) = 40*n**2 + 3*n + 10. Calculate the remainder when r(-2) is divided by 16.
4
Suppose 7 = 2*z - 3*h, 24 = -5*z - 2*h + 70. Suppose 0 = -w + 18 + z. What is the remainder when 51 is divided by w?
25
Let q be ((-26)/52)/(3 + (-62)/20). Suppose -s + 10 = -3*z, -3*s + 54 + 18 = q*z. What is the remainder when 188 is divided by s?
17
Suppose -295*j + 352*j - 3648 = 0. Calculate the remainder when 2229 is divided by j.
53
Let u(h) = 11*h**2 + 3*h - 4. Let k(w) be the first derivative of w**4/4 + 2*w**3 + 3*w**2 + 8*w - 61. Calculate the remainder when u(2) is divided by k(-4).
14
Let j(n) = -n**3 + 65*n**2 + 3*n - 132. Calculate the remainder when 229 is divided by j(65).
40
Let m(r) = -76*r - 103. Let v be m(-27). Suppose -10627 - v = -48*c. What is the remainder when c is divided by 8?
6
Suppose 39*m - 16*m - 365 = -50*m. Calculate the remainder when 1734 is divided by m.
4
Suppose -4*f + 114 = 98. Suppose f*l = 3*l + c + 13, -4*l + 5*c = -53. Calculate the remainder when 20 is divided by l.
8
Suppose 10 - 8 = n. Suppose -4*c - 2*z = -268, -n*z - 344 = -c - 4*c. Calculate the remainder when c is divided by 11.
2
Suppose 3378 + 27 = 4*i + 3*t, -5*t = -3*i + 2561. Calculate the remainder when i is divided by 93.
15
Suppose l - 55 = -4*l. Suppose 6*n - 229 - l = 0. What is the remainder when n is divided by (-40)/(-3) + 4/6?
12
Suppose -3*s + m + 19662 = 0, -2*s - m - 899 = -14002. What is the remainder when s is divided by 95?
93
Let t(k) = -k**3 + 3*k**2 + 12*k - 5. Let s be t(5). Suppose 5*o - a = 74, -o + s*a - 22 = -4*o. Calculate the remainder when 50 is divided by o.
8
Suppose 3*s - 4*s + 48 = -2*i, 0 = -5*s + 5*i + 260. Let l(u) = 2*u**2 - 3*u - 49. Calculate the remainder when s is divided by l(-5).
8
Let h be (6/9)/((-2)/(-15)). Suppose -q = -2*b + 6*b + 6, -68 = h*q + b. What is the remainder when 102 is divided by ((-52)/(-10))/(q/5 - -3)?
24
Suppose -8*f = -11*f + 105. Let y(s) = -4*s**2 - 25*s + 8. Let m be y(-7). Let b = m + 79. What is the remainder when b is divided by f?
31
Let s = -137 + -175. Let l = s + 387. Calculate the remainder when l is divided by 33.
9
Suppose 2*z = -2*v + 348, -5*z - v + 385 + 481 = 0. Calculate the remainder when z is divided by 10/((-6)/105*10/(-10)*5).
33
Let q = 1206 + -780. What is the remainder when q is divided by 49?
34
Let o(g) = 87*g**3. Let t = -42 + 41. Let n be (t/(-6))/(1/6). What is the remainder when o(n) is divided by 22?
21
Let s = 5780 - 5744. What is the remainder when 67 is divided by s?
31
Let m(g) = -2*g. Suppose -7*n = -6*n - 1. Let u be m(n). Calculate the remainder when (-6 - (u - 1))/(12/(-344)) is divided by 22.
20
Let m(p) = 2*p**2 + 107*p - 540. Calculate the remainder when m(-62) is divided by 44.
30
Calculate the remainder when (9 - (7 + 6))*962/(-8) is divided by 20.
1
Let u(g) = g**2 - g - 21. Let j be u(5). Let n be 3 - (j + (8 - 3)). Let h = 29 + n. What is the remainder when h is divided by 5?
3
Suppose 200*f + 31*f - 1525538 = 275800. What is the remainder when f is divided by 130?
128
Let t(x) = x**3 + 11*x**2 + x + 22. Let s be 7 + -1 + 3 - 3. Let d be 1*(-1)/(-2)*s - 14. What is the remainder when 19 is divided by t(d)?
8
Suppose -3*m - 3632 = 5*c - 3707, 49 = 3*c + m. What is the remainder when 268 is divided by c?
16
Suppose 0 = j - 6, 210 = -10*d + 15*d - 5*j. What is the remainder when d is divided by 32?
16
Calculate the remainder when 266 + 4/(-2) + 0 is divided by (-206)/(-4) - 2/(-3)*963/428.
52
Suppose 0 = -24*g + 32*g + 8. Suppose -o + 2*m = -25, 5*o + m = 6*m + 105. What is the remainder when o is divided by 4 + 2 - (g - -1)?
5
Suppose 90*q - 1715 - 1130 + 145 = 0. Calculate the remainder when 104 is divided by q.
14
Suppose -4*g + 1 = 4*x + 13, 15 = -3*x. Calculate the remainder when 50 is divided by (-350)/35*(g - (-10)/(-4)).
0
Let a be (-6)/4*(-120)/36. Suppose -a*w + 17*w - 372 = 0. What is the remainder when w is divided by 147/9 + (-4)/(-6)?
14
Let r be 32*(18/(-24) - -5). Let w = r - 69. Calculate the remainder when w is divided by 24.
19
Let i(n) be the third derivative of -13*n**4/8 + 5*n**3/2 + 4*n**2. Let j be 1*1/(-2)*(-76 - -80). Calculate the remainder when i(j) is divided by 24.
21
Let z be 68 + 6 + (-8)/(-2). Suppose 2*m = -2*k - 3*m + 21, -4*k = -2*m - z. Calculate the remainder when 64 is divided by k.
10
Suppose 7*i + 4118 = -3*i + 12538. Calculate the remainder when i is divided by 204.
26
Let p = -911 + 1227. Calculate the remainder when p is divided by 95.
31
What is the remainder when (-7464)/15*590/(-472) is divided by 79?
69
Suppose -4*s + g + 72 = s, -3*g - 66 = -5*s. Let u(h) = -5*h**3 + 4*h**2 - 1. Calculate the remainder when u(-2) is divided by s.
10
Let d(w) = -5940*w - 23723. Suppose 2*n = 2*q + 3*n - 19, -5*q + 3*n + 53 = 0. Calculate the remainder when d(-4) is divided by q.
7
Suppose -62 + 167 = 5*v. What is the remainder when 1803 is divided by v?
18
Suppose -8346 = -v - 2*p + 3835, v - 12199 = -5*p. What is the remainder when v is divided by 17?
14
Suppose -2*z + 0*z = -56. Let l(y) = 109*y**3 + 5*y**2 - 8*y + 4. Let d be l(2). Let s = 934 - d. What is the remainder when s is divided by z?
26
Let j = 540 + -542. Let m(a) = -3*a**3 + 